u(0)?
-15
Suppose 4 = 2*g - 0*g. Let d(f) be the first derivative of -7*f + 8*f - 2 + f**g - 2*f**2. Give d(-2).
5
Let g(a) be the second derivative of -a**4/24 - 4*a**3/3 + 7*a**2/2 - 5*a. Let z(i) be the first derivative of g(i). Calculate z(-7).
-1
Let t be 2*(-3 + 2) + -6. Let x = -3 - t. Let g(y) = y**3 - 5*y**2 + 2*y + 1. Determine g(x).
11
Let d(i) = -6*i**3 - 2*i + 1. Let w be d(1). Let l(y) = -y**2 - 5*y + 3. Calculate l(w).
-11
Let c(q) = -9*q**3 + 10*q**2 + q + 1. Let n(u) = -4*u**3 + 5*u**2 + 1. Let d(f) = 3*c(f) - 7*n(f). Suppose -8 = -4*p + 8. Give d(p).
-8
Let h(t) = t**2 - 3*t. Let u be h(3). Suppose -y - 2*y + 12 = u. Suppose 0 = y*r - 5 - 11. Let b(w) = w + 2. Calculate b(r).
6
Let y(g) = 3*g - 2*g**3 + 3*g**3 - 2 + 4*g**2 + 6. What is y(-4)?
-8
Let p(h) = -h**2 - 7*h + 2. Let m be p(-7). Let c(v) = -2 + 4*v + 3 - 4. Calculate c(m).
5
Let b(l) = 7*l**2 - 12*l - 1. Let f(x) = 6*x**2 - 11*x - 2. Let a(h) = -5*b(h) + 6*f(h). Let r be a(7). Let n(c) = r*c + c - 3*c. Calculate n(3).
-6
Suppose -3*j - v - 3*v = -29, -30 = -4*j - v. Let k = j - 4. Let b(w) = 3*w - k*w + 0 + 3*w - 1. What is b(-1)?
-4
Let x = 9 + -11. Let b be x/3*(-15)/5. Let n(u) = 0*u**3 - b*u**3 - 6 + 3*u**3 + 4*u**2 - 8*u + 2*u. Calculate n(-5).
-1
Let a(v) = -v**3 + 6*v**2 - 4. Let y be a(6). Let z(d) = d**2 + 3*d + 4. Determine z(y).
8
Let o(x) = -2*x**2 - 3*x - 2. Suppose 18 - 21 = t. Give o(t).
-11
Suppose -o + 4*c = -13 - 2, 4*o + 45 = -5*c. Let z(f) = 2*f**2 + 5*f**2 - 8*f**2 - 5*f + 0*f**2 + 3. Give z(o).
3
Let d(t) = -5*t + 1. Let s(g) = -24*g + 6. Let r(c) = -11*d(c) + 2*s(c). What is r(-1)?
-6
Let x(v) = -v**3 + 2*v**2 - 2*v + 2. Let n(t) = -t**3 - 5*t**2 + 7*t + 8. Let b be n(-6). What is x(b)?
-2
Let u be 42/(9/3) + -2. Suppose 0*b = -4*b + u. Let z(d) = 4*d**2 - b*d**2 + d + 0*d. Determine z(-1).
0
Let v be (1 + -4)*(-4)/(-6). Let i(a) = -3*a + 1. Give i(v).
7
Let n(s) = 6 + 2*s - 1 + 0. Suppose -3*v - 2*p - 10 = 0, -v - p + 3*p = 6. Calculate n(v).
-3
Let g(b) = 10*b**3 + b**2 + b. Suppose -4*t - 3 - 1 = 0. What is g(t)?
-10
Let s = 0 + 4. Let h(i) = 8 + 2*i + i**2 + 0 - s. Determine h(-3).
7
Suppose -4*f + 3*c = 18, -11 - 3 = 2*f - 4*c. Let o(b) = b + b**2 + 2*b - 5*b**2 + 6. Let g(k) = -k**2 + 1. Let w(d) = f*g(d) + o(d). Give w(3).
3
Let v(l) be the second derivative of l**5/60 + l**4/6 - l**3/6 - 5*l. Let o(x) be the second derivative of v(x). Give o(-6).
-8
Let o = -1 - -6. Let b(k) = k - 2. Let x be b(o). Let r(z) = -z**3 + 3*z**2 - z - 3. What is r(x)?
-6
Let a(s) = -7*s**3 + s**2 - 1. Suppose -3*b + 4 = 4*r - 11, 0 = -3*b + 4*r - 9. Calculate a(b).
-7
Let i = -7 - -8. Let w(a) = -i + 2*a - 6*a**2 - 4*a + a. Give w(-1).
-6
Let d(s) = s**2 + 2. Let w = -176 - -173. Calculate d(w).
11
Suppose 30 = q + q. Let g be 1/(-6) + q/(-18). Let s(v) = -1 + 0*v - 3*v**3 + 0*v + v**2. Calculate s(g).
3
Suppose -2*k + 2 = -6. Let r(s) = -3*s**2 + s**3 - 5*s - 9 - 4*s + 10 + 3*s. Calculate r(k).
-7
Suppose v = 1 - 13. Let c be ((-2)/(-4))/(1/v). Let z(n) = n**3 + 7*n**2 + 8*n + 9. What is z(c)?
-3
Suppose -r - 3*r + 16 = 0. Let p(d) = 3*d - 2. Let n(b) = -b. Let q(y) = -2*n(y) - p(y). Calculate q(r).
-2
Let y(s) be the second derivative of -s**3/6 + s**2 + s. Let l be (3/(-9))/((-2)/36). Let n(d) = -d + 1. Let f be n(l). Calculate y(f).
7
Let r(g) = 0*g**2 + 3*g**2 + 3 + 3*g**2 - 5*g**2. What is r(0)?
3
Let d be (-4 - 6/2)/1. Let f(v) = v**3 - 7*v**2 - 4*v + 6. Let z(a) = -2*a**3 + 15*a**2 + 9*a - 13. Let q(b) = d*f(b) - 3*z(b). What is q(4)?
1
Suppose 2*q = -8, 2*h + 6*q - 2*q + 10 = 0. Let f(p) be the first derivative of 1 - p + 2*p**2 + 1/3*p**h. Determine f(-4).
-1
Suppose -l = -6*l - 15. Let d(m) = m + 3. Let j(v) = v. Let f(a) = -d(a) - 3*j(a). Give f(l).
9
Let u(f) = f**3 - 4*f**2 - 5*f - 3. Let r be 1 + (-1 - 4) + 9. Calculate u(r).
-3
Let f = 2 + -1. Let q(y) be the second derivative of y**6/80 - y**5/120 - y**4/6 - 2*y. Let g(u) be the third derivative of q(u). Calculate g(f).
8
Let a be 36/(-10) - 0 - 56/140. Let b(f) = -2*f**2 - f + 3. Calculate b(a).
-25
Let q(t) = -t**3 - 5*t**2 + 17*t + 21. Let h be q(-7). Let l(n) = n**2 + n + 4. Determine l(h).
4
Let i(r) = 18*r**2 - 10*r**2 + 2*r + 9*r**2 - 2 - 3. Let a(s) = -8*s**2 - s + 2. Let c(k) = -5*a(k) - 2*i(k). Calculate c(1).
7
Suppose -3*w + 51 - 33 = 0. Let r(v) = -v**2 + 8*v + 7. Determine r(w).
19
Let b(c) be the first derivative of c**4/4 + 4*c**3/3 + c**2/2 + 3*c - 6. Let g be (6/(-4))/((-9)/(-24)). What is b(g)?
-1
Let z(r) = -20*r + 2*r + 11*r + 4 + r**2. Determine z(7).
4
Let a(v) = 2*v + 2. Let y be a(-4). Let u(c) = -c - 14. Calculate u(y).
-8
Let s(p) = -3*p + 4. Suppose -3*x - 22 = -h, x + 4*h - 7 = 3. Let n = -11 - -2. Let j = x - n. Determine s(j).
-5
Suppose -21 = -5*v - 2*v. Let z(c) = 3*c - 4. Determine z(v).
5
Suppose -4*j + 4*t - 14 = -j, -5*j - 4*t = 2. Let d(o) = 2*o**2 - 2. Let r be d(j). Let q(l) = l - 3. Give q(r).
3
Let w(j) = j - 5. Let f(h) = 4*h - 16. Let y(l) = -2*f(l) + 7*w(l). Calculate y(-2).
-1
Let y(r) = -7*r**2 - 10*r - 1. Let v(t) = -4*t**2 - 5*t. Let x(m) = 5*v(m) - 3*y(m). Calculate x(-7).
17
Let l(o) be the second derivative of o**4/6 + o**3/6 - 3*o**2/2 + 2*o. Let c be l(-3). Let i be (-5)/3 + 8/c. Let q(j) = -4*j**2 - 2*j - 1. Determine q(i).
-3
Let a(d) be the first derivative of d**6/360 - d**5/20 + d**4/6 + d**3/3 - 1. Let o(i) be the third derivative of a(i). Let z be (-12)/30 - 54/(-10). Give o(z).
-1
Let u(m) = -m + 12. Let x be u(6). Let l(s) = -2*s**3 + 5*s**2 - 14*s + 17. Let c(v) = v**3 - 3*v**2 + 7*v - 8. Let g(z) = 9*c(z) + 4*l(z). Determine g(x).
2
Let q(s) = -s**2 + s + 2. Suppose 0*r - 3*r = -6. Let n be -2*(-2)/r + 7. Suppose 0*c = -5*b + 4*c - 22, 5*c - n = -3*b. Determine q(b).
-4
Let t be 22/11*2/2. Let b(x) = -3 + 3*x**3 - x - 2*x**3 + 5*x**t - 2*x**3 + 0*x**3. Give b(5).
-8
Let z(t) = 3 + 29*t + 0 - 34*t - t**2. Determine z(-6).
-3
Let z(j) = 2. Let k(x) = -x + 2. Let f(n) = k(n) + 2*z(n). What is f(4)?
2
Let m = -4 + 1. Let o(q) = 2 + 2 - 2*q - 1 - 4. Calculate o(m).
5
Let u(o) be the first derivative of -o**2/2 + 5*o + 3. Let b be (-6)/(-21) - 52/(-14). Determine u(b).
1
Let j(y) = 6*y**3 - 5*y**2 - y + 2. Let o(a) = 7*a**3 - 6*a**2 - a + 2. Let l(p) = -5*j(p) + 4*o(p). Calculate l(2).
-12
Let c(s) = -5*s**3 + 23 + 2*s**2 - 23 - s. Determine c(1).
-4
Let v(s) be the first derivative of -s**4/4 + 3*s**3 - 9*s + 1. Calculate v(9).
-9
Let t(u) = -u + 1. Let s = -21 + 31. Let l be (-28)/20 + 4/s. Let w(z) = z**3 - 2*z**2 - 5*z + 2. Let i(r) = l*w(r) + 6*t(r). Calculate i(3).
-8
Suppose 0 = 3*a - 5 - 1. Suppose a*n + 4 = -2*n. Let o(t) = 11*t**3 + t**2 - 1. What is o(n)?
-11
Let y(u) = 3*u**3 + 8*u**2 - 6*u - 9. Let d(b) = 7*b**3 + 17*b**2 - 13*b - 18. Let q(k) = 2*d(k) - 5*y(k). What is q(-6)?
-15
Let s(p) be the first derivative of p**4/6 - p**3/3 - p**2/2 + 4. Let z(k) be the second derivative of s(k). What is z(2)?
6
Let n(p) = -p**2 - p - 7. Let b(l) = -2*l**2 - 3*l - 20. Let a(t) = -6*b(t) + 17*n(t). Calculate a(-1).
-5
Let l(m) = m**3 - 7*m**2 - 6*m - 11. Let s be l(8). Let q(y) = -y**2 + 5*y + 1. Give q(s).
1
Let j(f) = -2*f - 2. Let m be j(-3). Let q(v) = -4*v**3 + v**2 - v - 5. Let x(t) = t**3 + t**2 + t. Let s(y) = q(y) + 3*x(y). Give s(m).
3
Let x(j) be the third derivative of 0*j**5 + 1/24*j**4 + 1/6*j**3 + 0 - 2*j**2 + 1/12*j**6 + 0*j. Give x(-1).
-10
Suppose i = -5*n + 24, 0*n + 2*i + 12 = 2*n. Let p(c) be the second derivative of 5/12*c**4 + 5/6*c**3 + 0 + c + 1/20*c**n + 3/2*c**2. What is p(-4)?
-1
Let j be 159/114 + (-16)/(-152). Let s(t) be the second derivative of -2/3*t**3 + 1/4*t**4 - j*t**2 + 1/20*t**5 - t + 0. Give s(-2).
9
Let p(n) be the third derivative of n**5/30 + n**4/8 + n**3/2 + 2*n**2 + 10. Determine p(-2).
5
Let c(r) = -r - 1. Let o(v) = -4 - 5*v + 0*v**2 + v**2 + 4*v**2 - 6*v**2. Let h(q) = c(q) - o(q). What is h(-4)?
3
Let g(f) = 1 - 2*f + 14*f**3 - 4 + 2. Let h = -3 + 2. Calculate g(h).
-13
Let z(t) = 8*t**3 - 2*t**2 + 1. Let n be (-35)/(-20) - (-2)/8. Suppose -j + r + 2 = 0, -3*j + 1 = -n*r - 2. Give z(j).
-9
Let y be (-17)/(-5) - 10/25. Suppose -2*p + 3*p - 4 = 0, -y*d - 4*p + 16 = 0. Let r(k) = -k**2 - 9. What is r(d)?
-9
Let l(o) = o**3 - 2*o**2 - 3*o + 3. Let q be l(3). Let b(n) = 4*n**3 - 5